 the second derivative of y**3/6 - 2*y**2 - 6*y. What is g(n)?
-2
Let y = 33 - 36. Let z(x) = x**3 + 2*x**2 - 6*x - 7. Let p be z(y). Let v(c) = 14 + 6 - 3*c + 0*c**2 - 19 - 3*c**p. What is v(2)?
-17
Let f(r) = -r**2 + 21*r + 10. Suppose -416*i = -153*i - 5523. What is f(i)?
10
Let c(s) = 6*s + 1. Suppose 2*i + 3*i = 10. Let h(f) = 8*f + 0 - 5*f**2 + 6*f**i - 10 - 14*f. Let y be h(7). Calculate c(y).
-17
Suppose 5*h = -0*h + 15. Let q = 104 + -74. Let m be -1*(-2)/h + q/(-18). Let s(f) = -18*f. Calculate s(m).
18
Let u = 1 + 4. Let c(d) be the third derivative of d**5/40 - d**4/6 - 20*d**3/3 + d**2 - 21. Let j(n) be the first derivative of c(n). Give j(u).
11
Let j(r) = -121*r - r**3 + 10 + 8*r**2 + 78*r + 51*r. Let x(l) = l**3 + 4*l**2 - 7*l - 1. Let u be x(-5). Give j(u).
1
Let r(f) be the third derivative of -f**5/60 - 5*f**4/6 - 95*f**3/6 + 17*f**2 - 7. Determine r(-10).
5
Let m(y) = -y**3 - 3*y**2 + y. Let p(g) = -g**3 - 11*g**2 - 12*g - 12. Let d be p(-10). Suppose -15 = -3*n + d*n. Calculate m(n).
-3
Let v(q) be the second derivative of -q**4/12 - 10*q**3/3 + 5*q**2/2 - 200*q - 2. What is v(-20)?
5
Let z be (-100)/24 + 4 - 1143/(-54). Suppose -116*x - z = -123*x. Let l(i) = i**3 - 6*i**2 + 5*i - 3. Calculate l(x).
-15
Let i = -156 - -153. Let g(n) = 17*n + 45. Calculate g(i).
-6
Let a(z) = -z**3 + 23*z**2 + 22*z + 55. Let w be 16 + 52/(-78)*(-24)/2. Give a(w).
7
Suppose -86*k - 1053 = -95*k. Let i be (k/(-78))/((-1)/4). Let j(c) = -5*c - 3. What is j(i)?
-33
Suppose 4*f + 24 = c, 3*f - 1 = -5*c + 4. Let d(h) = h - 5*h**2 + h**3 - 2 - c*h**2 + 4*h**2. Determine d(3).
-17
Suppose 5*d - 12 = 252*y - 245*y, -4*y = 2*d - 32. Let x(a) = -a - 11. Calculate x(y).
-15
Suppose -59*t - 759 = -51. Let y(h) = 5*h + 64. Determine y(t).
4
Suppose 18*a - 14 = 22. Suppose 32 = -5*d - a*l, -9*l + 6*l = 3. Let c(s) = -7 - 1 + 1 - s. Give c(d).
-1
Let g = -96 - -95. Let c(p) = 4*p**3 + 18*p**2 - 4*p + 8. Let m(w) = -w**3 - 3*w**2 + w - 1. Let l(v) = g*c(v) - 5*m(v). Calculate l(3).
-6
Let i(g) be the second derivative of 7*g**6/120 + g**5/60 - g**4/12 - g**3/3 + 167*g**2/2 + 120*g + 2. Let n(z) be the first derivative of i(z). Give n(-1).
-6
Let s = 22 - 22. Suppose 4*r - 7*r + 12 = s. Let t be (-5)/10*(r + -8). Let d(n) = n**2 + 3*n - 1. Calculate d(t).
9
Suppose -4*m + 18 = 2*f, f + 70 = 4*m + 49. Let k(s) be the second derivative of 1/3*s**3 + 5/2*s**2 + m*s + 0. What is k(-5)?
-5
Let l(y) = 8*y - 37. Let r(d) = 75*d**2 - 2551*d + 38. Let j be r(34). Give l(j).
-5
Let d = -20 - -18. Let x(m) = m**2 + 8*m + 15. Let j be x(-7). Let l(k) = -11*k + j*k - 8 + k + 6. What is l(d)?
2
Let d(x) be the second derivative of 1/6*x**3 + 12*x + 0 - 19/2*x**2. Let h be d(17). Let w(q) = -6*q + 2. Give w(h).
14
Let k(j) be the second derivative of -j**3/6 + j**2/2 + 2*j. Suppose -9*s + 6*s = -15. Suppose 0 = -2*v + 2*z + 10, v - 10 = -v - s*z. Give k(v).
-4
Let l(p) = -p - 2. Let w = 26 + -25. Let z be -42 + 37 + (1 - w). Calculate l(z).
3
Let m be ((-11)/(-3))/(1/3). Let v(i) = i - 28. Let g(b) = -b**2 + 13*b - 50. Let h(u) = g(u) - 2*v(u). Give h(m).
6
Let t(j) = j**3 + j**2 - 4*j - 11. Let a(m) = -72*m + 286. Let q be a(4). What is t(q)?
-7
Let r(d) = -55*d + 14*d**3 - d**2 - 1 + 6*d + d**3 + 2*d**2 + 25*d + 25*d. Let h(v) = -v + 7. Let x be h(7). Let l be x + -1*(-2 - -1). Determine r(l).
16
Let d(g) = 225*g + 42. Let c be d(0). Let o(l) = -l**3 + 40*l**2 + 87*l - 121. Give o(c).
5
Let v = 3 - -36. Let u = v - 35. Suppose 9*x - 49 = -u. Let c(o) = -o**2 + o - 2. Calculate c(x).
-22
Let p = -26 - -28. Suppose -p*o - 30 = 50. Let z = o + 43. Let l(i) = 2*i - 2. What is l(z)?
4
Let k(o) = -9 + 6*o**2 + 34*o - o**3 - 5*o**2 - 2 - 39*o - 6*o**2. Calculate k(-5).
14
Let n(f) be the second derivative of -8 - 11/6*f**3 + 2*f + 9/2*f**2 + 1/12*f**4. Calculate n(6).
-21
Let v = 1710 - 1706. Suppose 0 = 2*d, -f - 2 = -4*d + 1. Let u(q) = -5*q**2 - 5*q + 5. Let p(k) = -4*k**2 - 4*k + 4. Let n(h) = f*u(h) + v*p(h). Give n(1).
-1
Suppose 33*y + 75 = -76 + 19. Let r(c) = -c**3 - 5*c**2 + 2*c - 4. Give r(y).
-28
Suppose 2*q + 12 = 3*t, 3*q = 3*t + 173 - 191. Let x(v) = v**3 - 11*v**2 - v + 5. Calculate x(t).
5
Let d(a) be the third derivative of a**6/120 - a**5/6 - a**4/12 + 10*a**3/3 + 4356*a**2. What is d(10)?
0
Let a(n) = -n**2 + n + 22. Let y = 400 + -404. Calculate a(y).
2
Let c(p) = -p**3 + 9*p**2 - 9*p + 7. Let m(x) = -3*x - 8*x + 8*x - x + 3*x - 22. Let g be m(-30). Calculate c(g).
-1
Let f(x) = 66*x**2 - 20*x + 2. Let a(d) = 74*d**2 - 19*d + 1. Let n(s) = -8*a(s) + 9*f(s). Determine n(14).
10
Suppose u - p + 5810 = 5833, u - 4*p = 35. Let i(j) = 6*j - 85. Determine i(u).
29
Let w(s) = -15*s**3 + 5*s**2 - s + 12. Let i(v) = 342 + 5*v**2 - 4*v**2 - 174 - 166. Let x(p) = 6*i(p) - w(p). Give x(-1).
-15
Let d(f) = -2*f + 1. Let s(c) = 9*c - 3. Let q(m) = -14*d(m) - 2*s(m). Determine q(1).
2
Let q(s) be the third derivative of -s**5/30 + s**4/4 + 5*s**3/6 + 41*s**2 - 19*s. What is q(4)?
-3
Let a(q) = -q**2 - 4*q - 5. Suppose -319 = 11*u + 99. Let m be 57/u*(-16)/(-6). Determine a(m).
-5
Let c = 36 - 27. Suppose 4*f + 31 = -c. Let n(k) = -k**3 + 2 + 5 - 60*k**2 + 24*k**2 + 26*k**2. What is n(f)?
7
Let g(a) be the first derivative of 0*a**2 - 11/3*a**3 - 1/24*a**4 + 5 + 0*a + 0*a**5 + 1/360*a**6. Let k(w) be the third derivative of g(w). Calculate k(2).
3
Let o(u) = -u**3 + 19*u**2 - 2*u + 43. Let y be o(19). Let s(d) = 2*d**2 - 3*d. Let z be s(2). Suppose y*b + 9 = z*b. Let x(f) = 3*f - 4. Calculate x(b).
-13
Let a(m) = -15*m**3 + m**2 - 2*m - 3. Let u be 7/28 + (-1 - 60/(-16)). Let f(l) = -18*l**3 + 2*l**2 - 3*l - 4. Let r(v) = u*f(v) - 4*a(v). What is r(1)?
7
Let k(w) = 77*w**2 - 9*w + 3. Let x(h) = -81*h**2 + 10*h - 3. Let v(o) = -20*k(o) - 19*x(o). Let i be -1 - -2 - (0 - -11). Calculate v(i).
-3
Let d = -167 + 62. Let g = -104 - d. Let z(n) = 9*n. Calculate z(g).
9
Let h(v) = 71*v + 74*v - 5 - 209*v + 65*v - 2. Give h(12).
5
Let s(p) = p**3 - 5*p - 2. Suppose 0 = -49*r - 113 - 83. What is s(r)?
-46
Let n = 60 - 58. Suppose -n*s + 5*s = 0. Let t(k) = -5*k + 2 - 9 + 4*k. Give t(s).
-7
Let o(q) = 4 - 14 + 4*q + 23*q**2 - 4*q**2 + 6*q - 20*q**2. Suppose -3*m + 45 = 2*m. What is o(m)?
-1
Let h(a) = 0 - a**2 + 0 - 2*a + 6 - 3*a. Let k = -34 - -37. Let w = -10 + k. What is h(w)?
-8
Let l(w) = 13*w**3 - 3*w**2 - 3. Let y(k) = -16*k**3 + 2*k**2 + 2. Let z(p) = 30*p**2 - 120*p - 2. Let s be z(4). Let c(r) = s*l(r) - 3*y(r). Determine c(1).
22
Let h(i) = -i**2 + 6*i - 9. Let y = -2592 + 2597. What is h(y)?
-4
Let u(s) = 6*s + 5. Suppose 3*p = 9*p + 8*p. Suppose 5*d + 4*z = -17 - 20, p = -2*d + 3*z - 1. Calculate u(d).
-25
Let j(v) = 4*v + 3. Let u(l) be the first derivative of -9*l**2/2 - 6*l - 3636. Let a be (-8)/1 + 2 + -1. Let s(p) = a*j(p) - 3*u(p). Determine s(-8).
5
Let v(b) be the second derivative of 12*b - 2*b**2 - 1/12*b**4 - 1 + 5/6*b**3. Determine v(5).
-4
Let z(t) be the second derivative of 1/80*t**6 - 7*t + 0 + 0*t**2 - 7/6*t**4 + 0*t**3 - 1/120*t**5. Let j(u) be the third derivative of z(u). Calculate j(1).
8
Let w(p) = -77*p**2 + 6. Let r(x) = 169*x**2 - 13. Let h(c) = -5*r(c) - 11*w(c). Give h(-3).
17
Suppose 10*f - 5 = -25. Let v be (-7 - f)*-1 + -1*3. Let k(r) = 3*r - 4. Give k(v).
2
Suppose -155*s + 84*s = 230*s - 301. Let i(l) = l + 1. Let b(j) = -34*j**3 - j**2 + 3*j + 5. Let f(k) = b(k) - 4*i(k). Give f(s).
-35
Let z(v) = -v**3 - 16*v**2 + 13. Let x(o) = o**3 - 11*o**2 + 8*o + 4. Let m be x(10). Let b be z(m). Let t(p) = p**3 - 14*p**2 + 13*p - 11. What is t(b)?
-11
Let u(k) = 35*k - 30. Suppose -2*v + 55 = -5*l, -2*v = 3*l - 4*v + 33. Let d(y) = 12*y - 11. Let x(j) = l*d(j) + 4*u(j). Suppose i - 1 = 2*i. Calculate x(i).
-7
Let x(q) = -q**3 - 7*q**2 - 1. Suppose 19*g - 176 = 8*g. Suppose -4*r = -0*r - g, -3*r + 19 = -d. Determine x(d).
-1
Let u(y) be the second derivative of 1 + 1/3*y**3 + 1/6*y**4 - 1/2*y**2 - 21*y. Determine u(1).
3
Let c(q) be the first derivative of q**4/4 + q**2/2 + 8*q + 3. Let i(o) = 125*o - 2375. Let w be i(19). What is c(w)?
8
Let m(o) = o + 8. Let d(x) = -x**2 + 17*x - 60. Let w be d(11). Let q be -1*(-7 + 7 + w). Give m(q).
2
Let i(l) be the third derivative of -l**8/3360 - l**7/5040 + 4*l**5/5 + 51*l**2. Let h(z) be the third d